 581*i - 8 - 584*i - w. Let b be n(-6). Let j(z) = -z**3 + 8*z**2 - 2. What is j(b)?
-2
Let d = 27259 - 27250. Let v(i) = i**2 - 22*i + 111. What is v(d)?
-6
Let c(t) be the third derivative of 0*t**4 + 0 - 12*t**2 + 13/6*t**3 - 1/60*t**5 + 0*t. Let s(y) be the first derivative of c(y). Determine s(3).
-6
Let a(o) = 3*o - 55. Let r = 3489 - 3489. Determine a(r).
-55
Let r(x) = -x**3 + 3*x**2 + 6*x + 3. Suppose 0 = -2*k - 4. Let l be r(k). Let n(a) = -3*a**2 - a**3 + a**2 + 6*a - 4*a**2 - l*a - 4. Give n(-5).
-4
Suppose 46*x + 126 + 104 = 0. Let r(a) = -a**2 - 4*a - 11. Give r(x).
-16
Let l(i) = 2*i**3 - 5*i**2 + 4*i - 9. Let b(k) = 7*k**3 - 15*k**2 + 9*k - 26. Let h(o) = -3*b(o) + 10*l(o). Calculate h(-7).
-5
Let u(a) = -a - 5. Let m(n) = n**3 - 20*n**2 + 24*n - 102. Let w be m(19). What is u(w)?
2
Let v(t) = 8*t + 0*t**2 - 58*t - 41 + 40*t - 9*t - t**2. Determine v(-17).
-7
Let z be (7/7)/(1 + 56/(-55)). Let t = 60 + z. Let b(w) = -14*w**2 - w - 17. Let a(r) = -5*r**2 - 6. Let o(p) = 17*a(p) - 6*b(p). Give o(t).
5
Let g(d) = 2*d**2 + 2 + d**3 - 1 - 3*d**2. Let r(h) = 2*h**2 - 2*h. Let f(b) = -44*b - 309. Let l be f(-7). Let x(o) = l*r(o) - g(o). Determine x(2).
-9
Let g(w) = -3*w - 4. Let z(l) = -10*l - 22. Let i(c) = 11*c + 25. Let j(d) = 4*i(d) + 5*z(d). Let o(n) = 14*g(n) - 6*j(n). Calculate o(4).
-20
Let w(m) = -m - 23. Let o be w(-17). Let z(p) be the second derivative of -p**5/20 - 7*p**4/12 - p**3/2 + p**2 + 1200*p. Calculate z(o).
-16
Let d(p) = -p**3 - 3*p**2 - p - 1. Let a be d(-3). Let h(f) = a*f + 6*f + 2*f - 3*f - 7 - f**2. Let g be (-9)/6*(-40)/12. What is h(g)?
3
Let s(b) be the second derivative of 3*b + 1/12*b**4 + 1/5*b**5 - b**2 + 0 - 1/3*b**3. Calculate s(-2).
-26
Let i(q) = -13*q**2. Let x be (1/(-2))/((-14)/56). Let f(p) = 4*p - 11. Let y be f(x). Let z be (-3)/(-2)*2/y. Determine i(z).
-13
Let b(y) = y + 2. Suppose 0 = -6*a + 2*a - 5*t + 40, 3*a - 27 = -3*t. Suppose 0 = 2*l + 2*l - a*r - 43, 2*r - 2 = 0. Let f be (l/3 + -3)*-6. What is b(f)?
-4
Let w(s) = -s + 13. Let x(f) = -f + 56. Let c(n) = 5*w(n) - x(n). Determine c(7).
-19
Let y(v) be the second derivative of v**6/720 + v**5/30 - 3*v**4 + v**3/3 + v + 19. Let q(z) be the third derivative of y(z). Calculate q(-3).
1
Let s = 2773 - 2787. Let a(r) = 2*r + 24. What is a(s)?
-4
Let o = 162 + -74. Let a(t) = 51 - t**2 - o + 44 - 3*t. Let p be a(-4). Let w(u) = -u + 7. Determine w(p).
4
Suppose -57*c + 58*c = -27. Let y = 13 - c. Let g(k) = 4*k**2 - 4 + 2*k**3 + 44*k - 3*k**3 - y*k. What is g(4)?
12
Let b(a) = 0*a**3 + a**3 + 0*a + 4*a + 3 + 6*a**2. Let g be 2/6 + (-4 - 1129/3). Let y = g - -374. Give b(y).
-21
Let z(p) = p - 5. Let v(b) = -12*b + 69. Let j(y) = -v(y) - 11*z(y). Determine j(8).
-6
Let r be 36/14*(-3346)/2151. Let l(a) = -a - 1. Let x(y) = -3*y**2 + 9*y + 12. Let j(w) = 15*l(w) + x(w). Give j(r).
-27
Let r(x) = x**2 + x + 2. Let u be (5/15)/(22/(-198)). What is r(u)?
8
Let v(m) be the third derivative of m**8/20160 + m**7/1008 + m**6/120 + 59*m**5/30 + 115*m**2. Let n(c) be the third derivative of v(c). What is n(-9)?
42
Let x(o) = -93*o - 254. Let j be x(-8). Let g = j - 475. Let a(u) = -u**3 + 16*u**2 - 16*u + 4. Give a(g).
-11
Suppose -3*k + d + 6 = -3, -4*k = -3*d - 12. Let q(j) = j**2 - 6*j - 12. Let l(v) = -v**2 + 7*v + 12. Let m(b) = k*l(b) + 2*q(b). Calculate m(10).
2
Let u(j) = -4*j - 1. Let f(k) be the third derivative of -11*k**4/24 - 4*k**3/3 - 7*k**2 - 18*k. Let x(l) = f(l) - 3*u(l). What is x(0)?
-5
Let y(o) = -8 - 7*o + 2 + 2*o. Let k(l) = -459*l**2 - 19 - 451*l**2 + 912*l**2 - 7*l. Let d be k(5). Determine y(d).
14
Let q(p) = 16*p**2 + 2*p + 13*p + 69 + 3*p - 17*p**2. Let f be q(21). Suppose -f*d + 34 - 52 = 0. Let z(g) = -5*g - 3. Calculate z(d).
12
Suppose -5*v = 5*b + 200, -6*b - 70 = -4*b + 4*v. Let s = 49 + b. Let k(c) = -c**3 + 5*c**2 - 3*c - 5. Calculate k(s).
-1
Let v(a) = -a**2 - 58*a - 673. Let x be v(-42). Let d(y) = -y**3 + y**2 - y + 1. Let n(g) = 4*g**3 - 2*g**2 + 3*g - 4. Let p(b) = 3*d(b) + n(b). Determine p(x).
-1
Let u(i) = -3*i - 28. Let f(n) = -370*n - 8. Let l be f(0). Give u(l).
-4
Let b be (66/(-12) + 0)*-60. Let x be 2 - b/77 - (-2)/7. Let y(v) = -v**3 + 2*v - 1. What is y(x)?
3
Let u be (-5)/((-15)/(-24))*(-12 + (38 - 27)). Let o(m) = 2*m**2 - 9*m + 16. Give o(u).
72
Let t(h) be the third derivative of h**5/12 + 5*h**3/3 - 3523*h**2. Determine t(6).
190
Let d be ((-7)/(-2))/(3/12). Suppose 0 = -34*u + 27*u + d. Let p(z) = z**2 + 3*z - 1. Determine p(u).
9
Let l(w) be the third derivative of 13*w**4/24 - 161*w**3/6 - 119*w**2 + 11. Determine l(12).
-5
Let j(v) be the third derivative of -v**4/8 + 35*v**3/6 - 4*v**2. Let y be j(11). Suppose -3*n = y*n. Let p(g) = g**2 - g + 11. What is p(n)?
11
Let q be -4*2/(-20) + 5/((-350)/938). Let l(o) = -o**2 - 13*o - 1. What is l(q)?
-1
Let t(g) = 5*g - 25. Let x be ((-6)/20)/(88/(-880)). What is t(x)?
-10
Let n = 513 - 454. Let p(h) = 59 + 7*h - 2*h - h**2 - 168 + n + 55. Suppose 21 + 9 = 5*f. Give p(f).
-1
Let j(t) be the third derivative of t**5/15 - t**4/12 - 3*t**3/2 - 1050*t**2. Determine j(-3).
33
Let b(p) = 52*p**3 - 98*p**3 - 4 - 3*p**2 + 7 - 8*p + 47*p**3. What is b(4)?
-13
Let y(b) be the second derivative of 5*b**3/6 + 19*b**2/2 + 9*b + 5. Let o be y(-4). Let g(p) = 5*p**3 - 1. Give g(o).
-6
Let f(t) be the first derivative of -t**4/4 - 7*t**3/3 - t**2/2 - 2*t + 1190. What is f(-3)?
-35
Let c(n) be the second derivative of -4/3*n**3 - 7/2*n**2 + 0 - 90*n - 1/12*n**4. Calculate c(-7).
0
Suppose -38081*b + 38093*b = -108. Let a(r) = -4*r + 1. Give a(b).
37
Let u(o) = -o**2 + 4*o - 5. Let l = 39 - 22. Suppose 2*a - 12 = -4*z, 4*z = 5*a + z - l. Suppose -19 = -a*j - 3. Give u(j).
-5
Let t(l) be the third derivative of -11*l**4/24 + 3*l**3 + 1373*l**2. Calculate t(0).
18
Let i(q) be the first derivative of 5*q**2/2 + q - 32. Suppose 4*x + 377 - 349 = 0. Calculate i(x).
-34
Let i(x) = -x**3 + 6*x**2 - 7*x + 7. Let u(t) = -t**2 - 15*t + 5. Suppose 8*s + 60 = 4*s. Let c be u(s). Give i(c).
-3
Let u(j) be the first derivative of -j**4/12 - 5*j**3/6 + 2*j**2 - 48*j + 48. Let y(m) be the first derivative of u(m). Let i = 4 - 9. Determine y(i).
4
Let k(n) be the first derivative of 22*n**3/3 + 3*n**2/2 + n + 1. Calculate k(-2).
83
Let d be 90/(-225) + (36/(-10))/1. Let g(t) = 2*t**3 + 9*t**2 + 10*t + 20. Determine g(d).
-4
Suppose n - p = 7, 3*p + p + 30 = 5*n. Let v(s) = 8*s**2 - 11*s**2 - 3*s**2 - 2. Determine v(n).
-26
Suppose 139*v - 502 = 141*v. Let d = v + 253. Let u(t) = -4*t**3 + 4*t**2 - 4*t + 3. Calculate u(d).
-21
Let n(q) = 4*q**2 - 3326 - q**3 + 0*q**2 + 4*q - 2*q + 3320. Let i(f) = -f**3 - 22*f**2 - 20*f + 29. Let g be i(-21). Let w be g/(-2)*1/(-1). What is n(w)?
2
Let z(i) = 7*i + 6. Let k(j) = 8*j - 20*j + 27 - 34 + 4*j. Let f(b) = -5*k(b) - 6*z(b). Let m(a) = a + 3. Let u be m(-6). Give f(u).
5
Let n(v) be the first derivative of -158 + 2*v + 5/2*v**2 + 1/3*v**3. Calculate n(-7).
16
Let v = -65 - -59. Let j(c) be the third derivative of 0 + 0*c + 4/3*c**3 + 1/12*c**4 + 12*c**2. Determine j(v).
-4
Let k be (-64)/(-16) + -1 + (0 - 0). Suppose 0 = -4*n - 5*r + 36, -4*r + 36 = n + k*n. Let x(c) = 4 + 8*c + 5 - 3 - c**2. Calculate x(n).
-3
Let a(d) = -4 - 3*d + 1 + 0*d. Let l = 54556 - 54559. Determine a(l).
6
Let d = 10 + -7. Suppose -2*y - 3 = -5*z, 5*z + 9 + 8 = -d*y. Let t(j) be the first derivative of -j**3/3 - 3*j**2 - 3*j + 448. What is t(y)?
5
Let p = 151 + -147. Let x(d) = -6*d**3 - d + p*d - 1 - d**2 + 5*d**3 - d. Suppose 5*o - 2 - 3 = 0. What is x(o)?
-1
Let d(k) be the third derivative of -k**6/120 - k**5/60 + k**4/12 - k**3/6 + k**2 - 179*k - 23. Suppose -2*g = -4*o - 0*o - 8, 5*o = 2*g - 11. Calculate d(g).
-1
Let u(i) = 2*i - 4. Let j(z) = 4*z - 7. Let a(g) = 3*j(g) - 5*u(g). Let s be 72 - ((-240)/135 + 4/(-18)). Let f = s - 76. Give a(f).
-5
Let h = 189 + -186. Suppose 2*i + 10 = n - 0*i, h*n - 8 = -5*i. Let k(m) = -m**3 + 4*m**2 + 8*m + 3. Determine k(n).
-21
Suppose -61 = -24*p + 4*p + 759. Let d(t) = t**3 - 39*t**2 - 84*t + 76. What is d(p)?
-6
Let q(d) be the second derivative of -d**5/10 + d**4/6 + d**3/6 + 8*d**2 + 12*d - 8. Give q(0).
16
Let i(l) be the first derivative of 5*l**2/2 - 46*l - 989. Give i(8).
-6
Let o(w) be the third deriv